{"id":68,"date":"2017-05-16T17:37:37","date_gmt":"2017-05-16T15:37:37","guid":{"rendered":"https:\/\/welcometoteachland.es\/aula_sec\/?page_id=68"},"modified":"2021-09-23T17:51:04","modified_gmt":"2021-09-23T15:51:04","slug":"politica-de-cookies","status":"publish","type":"page","link":"https:\/\/welcometoteachland.es\/aula_sec\/politica-de-cookies\/","title":{"rendered":"Pol\u00edtica de Cookies"},"content":{"rendered":"<p style=\"text-align: justify;\"><strong>Informaci\u00f3n sobre cookies<\/strong><\/p>\n<p style=\"text-align: justify;\"><strong>1. Qu\u00e9 son las cookies y por qu\u00e9 las utilizamos en esta p\u00e1gina Web.<\/strong><\/p>\n<p style=\"text-align: justify;\">Una cookie es un fichero que se descarga en el dispositivo del usuario al acceder a determinadas p\u00e1ginas web para almacenar y recuperar informaci\u00f3n sobre la navegaci\u00f3n que se efect\u00faa desde dicho equipo.<\/p>\n<p style=\"text-align: justify;\">Las cookies permiten a dicha web, entre otras cosas, almacenar y recuperar informaci\u00f3n sobre las decisiones y h\u00e1bitos del usuario. En esta p\u00e1gina Web las utilizamos para mejorar la experiencia dentro de nuestras web, identificar y recordar al usuario registrado y facilitar la navegaci\u00f3n.<\/p>\n<p style=\"text-align: justify;\">Es importante destacar que el uso de cookies no proporciona datos personales del usuario.<\/p>\n<p style=\"text-align: justify;\">El usuario puede configurar su navegador para no aceptar el uso de cookies, en cuyo caso la personalizaci\u00f3n de la experiencia no se aplicar\u00eda aunque s\u00ed podr\u00e1 seguir accediendo a los contenidos de nuestras webs con normalidad.<\/p>\n<p style=\"text-align: justify;\">En la p\u00e1gina de Wikipedia es posible obtener m\u00e1s informaci\u00f3n acerca de qu\u00e9 son las cookies y c\u00f3mo funcionan. Acceder a Wikipedia <a href=\"http:\/\/es.wikipedia.org\/wiki\/Cookie_(inform%C3%A1tica)\" target=\"_blank\" rel=\"noopener noreferrer\">aqu\u00ed<\/a>.<\/p>\n<p style=\"text-align: justify;\"><strong>2. \u00bfQu\u00e9 tipo de cookies utilizan nuestra p\u00e1gina Web?<\/strong><\/p>\n<p style=\"text-align: justify;\">Las Cookies, en funci\u00f3n de su permanencia, pueden dividirse en Cookies de sesi\u00f3n o permanentes. Las primeras expiran cuando el usuario cierra el navegador. Las segundas expiran en funci\u00f3n cuando se cumpla el objetivo para el que sirven (por ejemplo, para que el usuario se mantenga identificado en la web) o bien cuando se borran manualmente.<\/p>\n<p style=\"text-align: justify;\">Adicionalmente, en funci\u00f3n de su objetivo, las Cookies pueden clasificarse de la siguiente forma:<\/p>\n<p style=\"text-align: justify;\">\u00b7 <strong>Cookies de rendimiento:<\/strong> este tipo de Cookie recuerda sus preferencias para las herramientas que se encuentran en los servicios, por lo que no tiene que volver a configurar el servicio cada vez que usted visita. A modo de ejemplo, en esta tipolog\u00eda se incluyen:<\/p>\n<p style=\"text-align: justify;\">Ajustes de volumen de reproductores de v\u00eddeo o sonido.<\/p>\n<p style=\"text-align: justify;\">Las velocidades de transmisi\u00f3n de v\u00eddeo que sean compatibles con su navegador.<\/p>\n<p style=\"text-align: justify;\">\u00b7 <strong>Cookies de geolocalizaci\u00f3n:<\/strong> estas Cookies son utilizadas para averiguar en qu\u00e9 pa\u00eds se encuentra cuando se solicita una web o servicio. Esta Cookie es totalmente an\u00f3nima, y s\u00f3lo se utiliza para ayudar a orientar el contenido a su ubicaci\u00f3n.<\/p>\n<p style=\"text-align: justify;\">\u00b7 <strong>Cookies de registro:<\/strong> las Cookies de registro se generan una vez que el Usuario se ha registrado o posteriormente ha abierto su sesi\u00f3n, y se utilizan para identificarle en las web y servicios con los siguientes objetivos:<\/p>\n<p style=\"text-align: justify;\">Mantener al usuario identificado de forma que, si cierra un servicio o web, el navegador o el ordenador y en otro momento u otro d\u00eda vuelve a entrar en dicho servicio o web, seguir\u00e1 identificado, facilitando as\u00ed su navegaci\u00f3n sin tener que volver a identificarse. Esta funcionalidad se puede suprimir si el usuario pulsa la funcionalidad \u201cSalir\u201d, de forma que esta Cookie se elimina y la pr\u00f3xima vez que entre en la web el usuario tendr\u00e1 que iniciar sesi\u00f3n para estar identificado.<\/p>\n<p style=\"text-align: justify;\">Comprobar si el usuario est\u00e1 autorizado para acceder a ciertos servicios o funciones de la Web.<\/p>\n<p style=\"text-align: justify;\">Adicionalmente, algunos servicios pueden utilizar conectores de terceros tales como Facebook, Twitter o Google. Cuando el usuario se registra en un servicio con credenciales de una red social o sistema de identificaci\u00f3n de terceros, autoriza al mismo a guardar una cookie persistente que recuerda su identidad y le garantiza acceso a la web hasta que expira. El usuario puede borrar esta cookie y revocar el acceso a la web mediante redes sociales o sistema de identificaci\u00f3n de terceros actualizando sus preferencias en la red social que espec\u00edfica.<\/p>\n<p style=\"text-align: justify;\">\u00b7 <strong>Cookies de anal\u00edtica:<\/strong> Cada vez que un Usuario visita una Web o Servicio, una herramienta de un proveedor externo (Google Analytics, comScore y similares) genera una cookie anal\u00edtica en el dispositivo del usuario. Esta cookie que s\u00f3lo se genera en la visita, servir\u00e1 para identificar de forma an\u00f3nima al visitante. Los objetivos principales que se persiguen son:<\/p>\n<p style=\"text-align: justify;\">Permitir la identificaci\u00f3n an\u00f3nima de los usuarios navegantes a trav\u00e9s de la \u201cCookie\u201d (identifica navegadores y dispositivos, no personas) y por lo tanto la contabilizaci\u00f3n aproximada del n\u00famero de visitantes y su tendencia en el tiempo.<\/p>\n<p style=\"text-align: justify;\">Identificar de forma an\u00f3nima los contenidos m\u00e1s visitados y por lo tanto m\u00e1s atractivos para los usuarios<\/p>\n<p style=\"text-align: justify;\">Saber si el usuario que est\u00e1 accediendo es nuevo o repite visita.<\/p>\n<p style=\"text-align: justify;\">\u00b7 <strong>Cookies de publicidad:<\/strong> este tipo de cookies permiten ampliar la informaci\u00f3n de los anuncios mostrados a cada usuario an\u00f3nimo en las Web. Entre otros, se almacena la duraci\u00f3n o frecuencia de visualizaci\u00f3n de posiciones publicitarias, la interacci\u00f3n con las mismas, o los patrones de navegaci\u00f3n y\/o comportamientos del usuario ya que ayudan a conformar un perfil de inter\u00e9s publicitario. De este modo, permiten ofrecer publicidad af\u00edn a los intereses del usuario.<\/p>\n<p style=\"text-align: justify;\"><strong>3. C\u00f3mo deshabilitar las cookies en el navegador<\/strong><\/p>\n<p style=\"text-align: justify;\">La mayor\u00eda de navegadores actualmente permiten al usuario configurar si desean aceptar cookies y cu\u00e1les de ellas. Estos ajustes normalmente se encuentra en las \u2018opciones\u2019 o \u2018Preferencias\u2019 del men\u00fa de su navegador.<\/p>\n<p style=\"text-align: justify;\">Estas son las instrucciones para configurar las cookies en los principales navegadores:<\/p>\n<p style=\"text-align: justify;\"><strong>Chrome:<\/strong> Configuraci\u00f3n -&gt; Mostrar opciones avanzadas -&gt; Privacidad -&gt; Configuraci\u00f3n de contenido.<br \/>\nPara m\u00e1s informaci\u00f3n, puede consultar el soporte de Google o la Ayuda del navegador.<\/p>\n<p style=\"text-align: justify;\"><strong>Firefox:<\/strong> Herramientas -&gt; Opciones -&gt; Privacidad -&gt; Historial -&gt; Configuraci\u00f3n Personalizada.<br \/>\nPara m\u00e1s informaci\u00f3n, puede consultar el soporte de Mozilla o la Ayuda del navegador.<\/p>\n<p style=\"text-align: justify;\"><strong>Internet Explorer:<\/strong> Herramientas -&gt; Opciones de Internet -&gt; Privacidad -&gt; Configuraci\u00f3n.<br \/>\nPara m\u00e1s informaci\u00f3n, puede consultar el soporte de Microsoft o la Ayuda del navegador.<\/p>\n<p style=\"text-align: justify;\"><strong>Safari:<\/strong> Preferencias -&gt; Seguridad.<br \/>\nPara m\u00e1s informaci\u00f3n, puede consultar el soporte de Apple o la Ayuda del navegador.<\/p>\n<p style=\"text-align: justify;\">Si quiere conocer la informaci\u00f3n detallada de la <strong>Nueva Ley de Cookies Espa\u00f1ola<\/strong> haga clic <a href=\"http:\/\/www.boe.es\/boe\/dias\/2012\/03\/31\/pdfs\/BOE-A-2012-4442.pdf\" target=\"_blank\" rel=\"noopener noreferrer\">aqu\u00ed<\/a>. (documento en .PDF)<\/p>\n","protected":false},"excerpt":{"rendered":"<p>Informaci\u00f3n sobre cookies 1. Qu\u00e9 son las cookies y por qu\u00e9 las utilizamos en esta p\u00e1gina Web. Una cookie es [&hellip;]<\/p>\n","protected":false},"author":143,"featured_media":0,"parent":0,"menu_order":0,"comment_status":"closed","ping_status":"closed","template":"","meta":{"footnotes":""},"class_list":["post-68","page","type-page","status-publish","hentry"],"yoast_head":"<!-- This site is optimized with the Yoast SEO plugin v27.4 - https:\/\/yoast.com\/product\/yoast-seo-wordpress\/ -->\n<title>Pol\u00edtica de Cookies - Welcome To Teachland<\/title>\n<meta name=\"robots\" content=\"index, follow, max-snippet:-1, max-image-preview:large, max-video-preview:-1\" \/>\n<link rel=\"canonical\" href=\"https:\/\/welcometoteachland.es\/aula_sec\/politica-de-cookies\/\" \/>\n<meta property=\"og:locale\" content=\"es_ES\" \/>\n<meta property=\"og:type\" content=\"article\" \/>\n<meta property=\"og:title\" content=\"Pol\u00edtica de Cookies - Welcome To Teachland\" \/>\n<meta property=\"og:description\" content=\"Informaci\u00f3n sobre cookies 1. Qu\u00e9 son las cookies y por qu\u00e9 las utilizamos en esta p\u00e1gina Web. Una cookie es [&hellip;]\" \/>\n<meta property=\"og:url\" content=\"https:\/\/welcometoteachland.es\/aula_sec\/politica-de-cookies\/\" \/>\n<meta property=\"og:site_name\" content=\"Welcome To Teachland\" \/>\n<meta property=\"article:modified_time\" content=\"2021-09-23T15:51:04+00:00\" \/>\n<meta name=\"twitter:card\" content=\"summary_large_image\" \/>\n<meta name=\"twitter:label1\" content=\"Tiempo de lectura\" \/>\n\t<meta name=\"twitter:data1\" content=\"5 minutos\" \/>\n<script type=\"application\/ld+json\" class=\"yoast-schema-graph\">{\"@context\":\"https:\\\/\\\/schema.org\",\"@graph\":[{\"@type\":\"WebPage\",\"@id\":\"https:\\\/\\\/welcometoteachland.es\\\/aula_sec\\\/politica-de-cookies\\\/\",\"url\":\"https:\\\/\\\/welcometoteachland.es\\\/aula_sec\\\/politica-de-cookies\\\/\",\"name\":\"Pol\u00edtica de Cookies - Welcome To Teachland\",\"isPartOf\":{\"@id\":\"https:\\\/\\\/welcometoteachland.es\\\/aula_sec\\\/#website\"},\"datePublished\":\"2017-05-16T15:37:37+00:00\",\"dateModified\":\"2021-09-23T15:51:04+00:00\",\"breadcrumb\":{\"@id\":\"https:\\\/\\\/welcometoteachland.es\\\/aula_sec\\\/politica-de-cookies\\\/#breadcrumb\"},\"inLanguage\":\"es\",\"potentialAction\":[{\"@type\":\"ReadAction\",\"target\":[\"https:\\\/\\\/welcometoteachland.es\\\/aula_sec\\\/politica-de-cookies\\\/\"]}]},{\"@type\":\"BreadcrumbList\",\"@id\":\"https:\\\/\\\/welcometoteachland.es\\\/aula_sec\\\/politica-de-cookies\\\/#breadcrumb\",\"itemListElement\":[{\"@type\":\"ListItem\",\"position\":1,\"name\":\"Portada\",\"item\":\"https:\\\/\\\/welcometoteachland.es\\\/aula_sec\\\/\"},{\"@type\":\"ListItem\",\"position\":2,\"name\":\"Pol\u00edtica de Cookies\"}]},{\"@type\":\"WebSite\",\"@id\":\"https:\\\/\\\/welcometoteachland.es\\\/aula_sec\\\/#website\",\"url\":\"https:\\\/\\\/welcometoteachland.es\\\/aula_sec\\\/\",\"name\":\"Welcome To Teachland\",\"description\":\"\",\"publisher\":{\"@id\":\"https:\\\/\\\/welcometoteachland.es\\\/aula_sec\\\/#organization\"},\"potentialAction\":[{\"@type\":\"SearchAction\",\"target\":{\"@type\":\"EntryPoint\",\"urlTemplate\":\"https:\\\/\\\/welcometoteachland.es\\\/aula_sec\\\/?s={search_term_string}\"},\"query-input\":{\"@type\":\"PropertyValueSpecification\",\"valueRequired\":true,\"valueName\":\"search_term_string\"}}],\"inLanguage\":\"es\"},{\"@type\":\"Organization\",\"@id\":\"https:\\\/\\\/welcometoteachland.es\\\/aula_sec\\\/#organization\",\"name\":\"Welcome To Teachland\",\"url\":\"https:\\\/\\\/welcometoteachland.es\\\/aula_sec\\\/\",\"logo\":{\"@type\":\"ImageObject\",\"inLanguage\":\"es\",\"@id\":\"https:\\\/\\\/welcometoteachland.es\\\/aula_sec\\\/#\\\/schema\\\/logo\\\/image\\\/\",\"url\":\"https:\\\/\\\/welcometoteachland.es\\\/aula_sec\\\/wp-content\\\/uploads\\\/2021\\\/09\\\/cropped-Welcome-to-teachland-3-2.png\",\"contentUrl\":\"https:\\\/\\\/welcometoteachland.es\\\/aula_sec\\\/wp-content\\\/uploads\\\/2021\\\/09\\\/cropped-Welcome-to-teachland-3-2.png\",\"width\":327,\"height\":293,\"caption\":\"Welcome To Teachland\"},\"image\":{\"@id\":\"https:\\\/\\\/welcometoteachland.es\\\/aula_sec\\\/#\\\/schema\\\/logo\\\/image\\\/\"}}]}<\/script>\n<!-- \/ Yoast SEO plugin. -->","yoast_head_json":{"title":"Pol\u00edtica de Cookies - Welcome To Teachland","robots":{"index":"index","follow":"follow","max-snippet":"max-snippet:-1","max-image-preview":"max-image-preview:large","max-video-preview":"max-video-preview:-1"},"canonical":"https:\/\/welcometoteachland.es\/aula_sec\/politica-de-cookies\/","og_locale":"es_ES","og_type":"article","og_title":"Pol\u00edtica de Cookies - Welcome To Teachland","og_description":"Informaci\u00f3n sobre cookies 1. Qu\u00e9 son las cookies y por qu\u00e9 las utilizamos en esta p\u00e1gina Web. Una cookie es [&hellip;]","og_url":"https:\/\/welcometoteachland.es\/aula_sec\/politica-de-cookies\/","og_site_name":"Welcome To Teachland","article_modified_time":"2021-09-23T15:51:04+00:00","twitter_card":"summary_large_image","twitter_misc":{"Tiempo de lectura":"5 minutos"},"schema":{"@context":"https:\/\/schema.org","@graph":[{"@type":"WebPage","@id":"https:\/\/welcometoteachland.es\/aula_sec\/politica-de-cookies\/","url":"https:\/\/welcometoteachland.es\/aula_sec\/politica-de-cookies\/","name":"Pol\u00edtica de Cookies - Welcome To Teachland","isPartOf":{"@id":"https:\/\/welcometoteachland.es\/aula_sec\/#website"},"datePublished":"2017-05-16T15:37:37+00:00","dateModified":"2021-09-23T15:51:04+00:00","breadcrumb":{"@id":"https:\/\/welcometoteachland.es\/aula_sec\/politica-de-cookies\/#breadcrumb"},"inLanguage":"es","potentialAction":[{"@type":"ReadAction","target":["https:\/\/welcometoteachland.es\/aula_sec\/politica-de-cookies\/"]}]},{"@type":"BreadcrumbList","@id":"https:\/\/welcometoteachland.es\/aula_sec\/politica-de-cookies\/#breadcrumb","itemListElement":[{"@type":"ListItem","position":1,"name":"Portada","item":"https:\/\/welcometoteachland.es\/aula_sec\/"},{"@type":"ListItem","position":2,"name":"Pol\u00edtica de Cookies"}]},{"@type":"WebSite","@id":"https:\/\/welcometoteachland.es\/aula_sec\/#website","url":"https:\/\/welcometoteachland.es\/aula_sec\/","name":"Welcome To Teachland","description":"","publisher":{"@id":"https:\/\/welcometoteachland.es\/aula_sec\/#organization"},"potentialAction":[{"@type":"SearchAction","target":{"@type":"EntryPoint","urlTemplate":"https:\/\/welcometoteachland.es\/aula_sec\/?s={search_term_string}"},"query-input":{"@type":"PropertyValueSpecification","valueRequired":true,"valueName":"search_term_string"}}],"inLanguage":"es"},{"@type":"Organization","@id":"https:\/\/welcometoteachland.es\/aula_sec\/#organization","name":"Welcome To Teachland","url":"https:\/\/welcometoteachland.es\/aula_sec\/","logo":{"@type":"ImageObject","inLanguage":"es","@id":"https:\/\/welcometoteachland.es\/aula_sec\/#\/schema\/logo\/image\/","url":"https:\/\/welcometoteachland.es\/aula_sec\/wp-content\/uploads\/2021\/09\/cropped-Welcome-to-teachland-3-2.png","contentUrl":"https:\/\/welcometoteachland.es\/aula_sec\/wp-content\/uploads\/2021\/09\/cropped-Welcome-to-teachland-3-2.png","width":327,"height":293,"caption":"Welcome To Teachland"},"image":{"@id":"https:\/\/welcometoteachland.es\/aula_sec\/#\/schema\/logo\/image\/"}}]}},"_links":{"self":[{"href":"https:\/\/welcometoteachland.es\/aula_sec\/wp-json\/wp\/v2\/pages\/68","targetHints":{"allow":["GET"]}}],"collection":[{"href":"https:\/\/welcometoteachland.es\/aula_sec\/wp-json\/wp\/v2\/pages"}],"about":[{"href":"https:\/\/welcometoteachland.es\/aula_sec\/wp-json\/wp\/v2\/types\/page"}],"author":[{"embeddable":true,"href":"https:\/\/welcometoteachland.es\/aula_sec\/wp-json\/wp\/v2\/users\/143"}],"replies":[{"embeddable":true,"href":"https:\/\/welcometoteachland.es\/aula_sec\/wp-json\/wp\/v2\/comments?post=68"}],"version-history":[{"count":1,"href":"https:\/\/welcometoteachland.es\/aula_sec\/wp-json\/wp\/v2\/pages\/68\/revisions"}],"predecessor-version":[{"id":69,"href":"https:\/\/welcometoteachland.es\/aula_sec\/wp-json\/wp\/v2\/pages\/68\/revisions\/69"}],"wp:attachment":[{"href":"https:\/\/welcometoteachland.es\/aula_sec\/wp-json\/wp\/v2\/media?parent=68"}],"curies":[{"name":"wp","href":"https:\/\/api.w.org\/{rel}","templated":true}]}}